reatest common factor of x and o.
3
Suppose -3*d = -2*u - 35, u = -2*u - 3. Let c(o) = -10*o - 89. Let g be c(-10). Calculate the greatest common factor of g and d.
11
Suppose -3*g + 182 = 4*o - 2*o, -o + 81 = 4*g. Calculate the greatest common divisor of o and 97.
97
Suppose 5 = 6*s - 25. Suppose -2*f - s*i + 28 = 0, 0 = 4*f - 8*f - 2*i + 40. Calculate the highest common factor of f and 9.
9
Suppose 156 = 27*f - 897. What is the highest common factor of 91 and f?
13
Suppose -7 = -3*o - 2*j + 3*j, 0 = 5*o - 5*j - 5. Suppose 4*m = p - 23, 5*p + 0*m = -o*m. Calculate the greatest common factor of p and 3.
3
Let p = 122 + -78. Let q be p/24*(5 - -1). What is the greatest common divisor of 99 and q?
11
Let b = 622 - 364. Suppose -p + b = 171. What is the greatest common factor of 3 and p?
3
Let b = 6 + 46. Let l = b - 24. Calculate the highest common factor of 28 and l.
28
Let u be 4 - (-21)/15 - (-18)/(-45). Calculate the highest common factor of u and 33.
1
Let t be (214/(-56) + 33/(-77))*-52. Calculate the highest common divisor of 52 and t.
13
Suppose 0 = -175*c + 167*c + 152. Calculate the greatest common divisor of c and 1501.
19
Let f be -12*(6/15)/(6/15). Let n be (2 + f/9)/((-8)/(-252)). Calculate the highest common divisor of 231 and n.
21
Suppose -2*a = -2 - 10. Let h(b) = b**3 - 7*b**2 + 6*b + 2. Let c be h(a). What is the greatest common divisor of 14 and c?
2
Suppose -2*r - 54 = -3*s - 3*r, 0 = -5*s + r + 90. Let c be s/((-1)/((-6)/4) + 0). Calculate the highest common divisor of 18 and c.
9
Suppose 17*i + 2*j + 326 = 21*i, -3 = j. Calculate the highest common divisor of i and 30.
10
Suppose 2*q + 2*t - 82 = 0, 129 - 11 = 3*q - 2*t. Calculate the highest common factor of 10 and q.
10
Let v(k) be the first derivative of k**3/3 - 4*k - 32. Let u be v(-10). What is the greatest common factor of 6 and u?
6
Suppose 13*d + 33 = 12*d. Let j = d + 41. Let u(v) = v**3 + 6*v**2 + 5*v + 1. Let s be u(-5). What is the highest common factor of j and s?
1
Suppose 36*a = -18*a + 3780. Calculate the greatest common divisor of a and 322.
14
Let r(q) = q**3 + 8*q**2 - 4. Let v be r(-7). Calculate the greatest common factor of v and 5.
5
Let v = -1057 - -1062. Let w(k) = -k**2 + 7*k - 3. Let o be w(6). What is the highest common divisor of o and v?
1
Let d = -434 - -1039. Let p(q) = -q**3 - q**2 - 3*q - 5. Let h be p(-4). Calculate the highest common divisor of d and h.
55
Let f be 65/(176/33 - 5). Calculate the greatest common divisor of 15 and f.
15
Let h = -519 - -804. Calculate the greatest common divisor of h and 171.
57
Suppose -3*q = -2*z + 8, 0 = -4*z - 5*q + 10 + 6. Let g be 42/8*(1 + 3). Suppose -g + z = -w. Calculate the greatest common divisor of 119 and w.
17
Let v(u) = u**3 + 3*u**2 + u + 1. Let l be v(-2). Suppose -6*t + 41 - 5 = 0. Let a be l*2/t - -22. Calculate the highest common factor of a and 207.
23
Let b(t) = -t**2 - 6*t + 4. Let o be b(-6). Suppose o*h - 32 = -0*h. Let n be (-747)/(-36) + 2/h. Calculate the greatest common factor of n and 7.
7
Suppose 5*h = -0*h + 7*h. Suppose o - 2*a - 1 = 0, 0 = -h*a + 4*a - 16. Calculate the highest common divisor of 81 and o.
9
Let o(m) be the third derivative of m**4/3 - 19*m**3/3 + 37*m**2. Let k be o(7). Let i be (6/(-4))/(3/(-4)). Calculate the greatest common factor of i and k.
2
Suppose 5*c = 3*o - 71, -5*o + 5*c = -104 - 1. Suppose b + 36 = o. Let v = -16 - b. What is the highest common divisor of v and 21?
3
Let v(u) = u**3 - 9*u**2 + 26*u + 2. Let c be v(6). Calculate the highest common factor of c and 125.
25
Let l be (6/24)/((-2)/(-80)). Calculate the highest common divisor of l and 50.
10
Suppose 1423 - 203 = 61*j. Suppose -3*f = -18 + 3. Calculate the greatest common divisor of j and f.
5
Let y = 66 + -63. Suppose 153 = y*t + g, -97 = -2*t - 0*t + g. What is the highest common divisor of 20 and t?
10
Let f(r) = r**2 + 3*r - 4. Let y be f(-3). Suppose -2*o - a - 7 = -o, -2*o + 5*a + 21 = 0. Let h = o - y. What is the greatest common divisor of h and 10?
2
Suppose 0 = -69*p + 70*p - 92. Calculate the highest common factor of p and 138.
46
Let m be 10*9/30*-4. Let g be (m/10)/(3/(-210)). Calculate the highest common divisor of g and 12.
12
Suppose 30*r - 66 = 19*r. What is the greatest common divisor of 3 and r?
3
Let d(x) = 5*x**2 - 2*x**3 - 34*x + 19*x + 24*x - 7 + x**3. Let v be d(6). Calculate the greatest common factor of 121 and v.
11
Let j(a) = a - 8. Let w be j(9). Let m = 11 - 7. Let r(n) = n**2 - 4*n + 4. Let t be r(m). Calculate the greatest common factor of w and t.
1
Suppose -3*m = -4*q - 55, 3*q + 9 = m - 6. What is the highest common divisor of 3 and m?
3
Let u be 0*(0 + 3/(-6)). Suppose -5*k - 34 = -3*n, -3*k = -u*n - 2*n + 22. Calculate the highest common factor of 8 and n.
8
Suppose -19*t = 3*r - 15*t + 10, 22 = 5*r - 3*t. What is the greatest common divisor of 328 and r?
2
Suppose 0 = 7*g - 12*g + 30. Let v = -203 + 205. What is the highest common divisor of g and v?
2
Suppose w + 9 - 24 = 0. Suppose -11*x - 112 = -w*x. Calculate the greatest common factor of 84 and x.
28
Let u(z) = z**2 - 14. Let m be u(8). What is the greatest common factor of 40 and m?
10
Let g = -24 - -31. Calculate the highest common divisor of g and 63.
7
Let k be (-200)/(-4) + -2 - (-2 - -1). Calculate the greatest common divisor of 392 and k.
49
Suppose -u + 22 = 2*l - 9, -5*u + 122 = -l. What is the greatest common divisor of u and 225?
25
Suppose -2*g + 7*g - 35 = 0. Suppose 2 - g = -5*r. What is the highest common divisor of r and 3?
1
Let j(k) = -24*k + 16. Let z be j(-5). Let r be (-8)/(-3)*(-3)/(-4). Suppose r*p - 33 = 1. What is the greatest common divisor of p and z?
17
Let v = -40 - -31. Let j = 7 + 22. Let l = v + j. What is the greatest common factor of 30 and l?
10
Let f be (-48)/6 + 73 + 4. Calculate the highest common divisor of 46 and f.
23
Let l be ((-168)/(-15))/(4/30). Let o(h) = 6*h - 70. Let n be o(14). Calculate the greatest common factor of l and n.
14
Let r be 1/(-2)*13/(13/(-6)). Calculate the highest common factor of r and 3.
3
Suppose -66*j + 168 = -63*j. Let w(y) = -y + 3. Let a be w(-5). Calculate the greatest common divisor of a and j.
8
Let f be (5 - 27/3) + -14. Let d be 3*(-14)/f*51. Let o(c) = -3*c - 1. Let r be o(-6). Calculate the highest common divisor of d and r.
17
Let g(f) = -2*f**2 - 2*f + 2 - 8 + 5 - 1 - f**3. Let d be g(-2). What is the greatest common divisor of d and 2?
2
Let a(p) = -2*p**3 - 12*p**2 - 5*p + 16. Let j be a(-8). Let l = j - 204. What is the greatest common factor of 18 and l?
18
Suppose 60 = 6*q - 2*q. Suppose -5*u - 4*k + 309 = -k, 3*k = -2*u + 129. What is the greatest common divisor of u and q?
15
Suppose 4*a = 3*g + 989, 5*a - 738 = 2*a + g. Calculate the highest common divisor of 15 and a.
5
Suppose 5*i = i + 80. Let r = -18 - -30. Let x(u) = u**3 - 12*u**2 + 14*u + 12. Let a be x(r). What is the greatest common factor of a and i?
20
Suppose 0 = 7*c - 5*c + 2. Let d be 1/((-99)/102 - c). What is the highest common divisor of 85 and d?
17
Let y be (0 + -15)/((-45)/60). Let f be 604/y - (-1)/(-5). Suppose 6*l - 2*l = -5*i + 1320, 990 = 3*l + 3*i. What is the highest common divisor of f and l?
30
Suppose -12 = 2*b - 2*f, -5*b + 2*f - 7*f = 30. Let j be (-1 - b/(-9))*-6. What is the highest common factor of j and 70?
10
Suppose -v + 202 = 5*r - 228, 0 = -2*v + 2*r + 848. What is the greatest common divisor of 170 and v?
85
Let a be 2/5 - -3*(-236)/20. Let g = 47 + a. Calculate the highest common divisor of 12 and g.
12
Let c = 604 - 582. Suppose -3*k = -2*k + 18. Let l = 4 - k. Calculate the highest common factor of l and c.
22
Let s = -5 - -5. Let f = 28 + s. What is the greatest common divisor of f and 84?
28
Suppose -2*u + 105 = -v, -u - 3*v + 30 = v. Suppose 0 = -15*h + 3*h + 3000. What is the greatest common factor of u and h?
50
Let d be (2 - 1)/((-2)/(-10)). Let u(t) = t**2 - 121*t - 117. Let s be u(122). What is the highest common factor of s and d?
5
Let m = -13 - -20. What is the greatest common divisor of 203 and m?
7
Suppose 0 = -41*g + 362 + 89. Calculate the highest common factor of g and 77.
11
Suppose 50 = -z - 4*z. Let c be z/(-2)*(-24)/(-30). Let d = -6 + 16. What is the highest common factor of d and c?
2